{"id":30,"date":"2018-08-13T11:24:33","date_gmt":"2018-08-13T09:24:33","guid":{"rendered":"http:\/\/alfa-kuechen.de\/WP\/?page_id=30"},"modified":"2025-05-19T10:24:11","modified_gmt":"2025-05-19T08:24:11","slug":"wir-ueber-uns","status":"publish","type":"page","link":"https:\/\/alfa-kuechen.de\/?page_id=30","title":{"rendered":"Wir \u00fcber uns"},"content":{"rendered":"\t\t<div data-elementor-type=\"wp-post\" data-elementor-id=\"30\" class=\"elementor elementor-30\">\n\t\t\t\t\t\t<section class=\"elementor-section elementor-top-section elementor-element elementor-element-5ee32c3 elementor-section-boxed elementor-section-height-default elementor-section-height-default\" data-id=\"5ee32c3\" data-element_type=\"section\" data-e-type=\"section\">\n\t\t\t\t\t\t<div class=\"elementor-container elementor-column-gap-default\">\n\t\t\t\t\t<div class=\"elementor-column elementor-col-100 elementor-top-column elementor-element elementor-element-0016afe\" data-id=\"0016afe\" data-element_type=\"column\" data-e-type=\"column\">\n\t\t\t<div class=\"elementor-widget-wrap\">\n\t\t\t\t\t\t\t<\/div>\n\t\t<\/div>\n\t\t\t\t\t<\/div>\n\t\t<\/section>\n\t\t\t\t<section class=\"elementor-section elementor-inner-section elementor-element elementor-element-0fc172a elementor-section-boxed elementor-section-height-default elementor-section-height-default\" data-id=\"0fc172a\" data-element_type=\"section\" data-e-type=\"section\">\n\t\t\t\t\t\t<div class=\"elementor-container elementor-column-gap-default\">\n\t\t\t\t\t<div class=\"elementor-column elementor-col-50 elementor-inner-column elementor-element elementor-element-ae19488\" data-id=\"ae19488\" data-element_type=\"column\" data-e-type=\"column\">\n\t\t\t<div class=\"elementor-widget-wrap elementor-element-populated\">\n\t\t\t\t\t\t<div class=\"elementor-element elementor-element-e5ca208 elementor-position-top elementor-widget elementor-widget-image-box\" data-id=\"e5ca208\" data-element_type=\"widget\" data-e-type=\"widget\" data-widget_type=\"image-box.default\">\n\t\t\t\t<div class=\"elementor-widget-container\">\n\t\t\t\t\t<div class=\"elementor-image-box-wrapper\"><figure class=\"elementor-image-box-img\"><img fetchpriority=\"high\" decoding=\"async\" width=\"639\" height=\"360\" src=\"https:\/\/alfa-kuechen.de\/wp-content\/uploads\/2018\/10\/Gescha\u0308ft-au\u00dfen.png\" class=\"elementor-animation-grow attachment-full size-full wp-image-237\" alt=\"\" srcset=\"https:\/\/alfa-kuechen.de\/wp-content\/uploads\/2018\/10\/Gescha\u0308ft-au\u00dfen.png 639w, https:\/\/alfa-kuechen.de\/wp-content\/uploads\/2018\/10\/Gescha\u0308ft-au\u00dfen-300x169.png 300w\" sizes=\"(max-width: 639px) 100vw, 639px\" \/><\/figure><div class=\"elementor-image-box-content\"><h3 class=\"elementor-image-box-title\">45 Jahre K\u00fcchenerfahrung<\/h3><p class=\"elementor-image-box-description\">alfa-k\u00fcchen - das sind 45 Jahre K\u00fcchenerfahrung. Man wei\u00df worauf es ankommt, denn eine K\u00fcche ist... weiter<br><br> eine \"Langzeit -Anschaffung\". Man kann sich \u00fcber viele Jahre an seiner K\u00fcche erfreuen - oder sich viele Jahre \u00fcber Fehler bei der Planung \u00e4rgern. - Das darf nicht sein.\nVertrauen Sie lieber einem Fachmann, wenn Sie auf Dauer Freude an Ihrer K\u00fcche haben wollen.<\/p><\/div><\/div>\t\t\t\t<\/div>\n\t\t\t\t<\/div>\n\t\t\t\t\t<\/div>\n\t\t<\/div>\n\t\t\t\t<div class=\"elementor-column elementor-col-50 elementor-inner-column elementor-element elementor-element-ffb3c79\" data-id=\"ffb3c79\" data-element_type=\"column\" data-e-type=\"column\">\n\t\t\t<div class=\"elementor-widget-wrap elementor-element-populated\">\n\t\t\t\t\t\t<div class=\"elementor-element elementor-element-d432cb4 elementor-position-top elementor-widget elementor-widget-image-box\" data-id=\"d432cb4\" data-element_type=\"widget\" data-e-type=\"widget\" data-widget_type=\"image-box.default\">\n\t\t\t\t<div class=\"elementor-widget-container\">\n\t\t\t\t\t<div class=\"elementor-image-box-wrapper\"><figure class=\"elementor-image-box-img\"><img decoding=\"async\" width=\"800\" height=\"531\" src=\"https:\/\/alfa-kuechen.de\/wp-content\/uploads\/2018\/08\/montage.jpg\" class=\"elementor-animation-grow attachment-full size-full wp-image-100\" alt=\"\" srcset=\"https:\/\/alfa-kuechen.de\/wp-content\/uploads\/2018\/08\/montage.jpg 800w, https:\/\/alfa-kuechen.de\/wp-content\/uploads\/2018\/08\/montage-300x199.jpg 300w, https:\/\/alfa-kuechen.de\/wp-content\/uploads\/2018\/08\/montage-768x510.jpg 768w\" sizes=\"(max-width: 800px) 100vw, 800px\" \/><\/figure><div class=\"elementor-image-box-content\"><h3 class=\"elementor-image-box-title\">Problemloser K\u00fcchenaufbau<\/h3><p class=\"elementor-image-box-description\">Das i-T\u00fcpfelchen und der wichtigste Teil beim K\u00fcchenkauf ist die Montage.\nDie Zusammenarbeit zwischen K\u00fcchenplaner und K\u00fcchenmonteur ist f\u00fcr den problemlosen K\u00fcchenaufbau entscheidend.\nWir verf\u00fcgen \u00fcber langj\u00e4hrige Erfahrung und unser gemeinsamer Grundsatz hei\u00dft: \"Wir sind erst zufrieden, wenn Sie es sind.\"\nWir sind stolz darauf, dass der gr\u00f6\u00dfte Teil unserer Kunden auf Grund von Empfehlungen von Freunden und Bekannten zu uns kommt.<\/p><\/div><\/div>\t\t\t\t<\/div>\n\t\t\t\t<\/div>\n\t\t\t\t\t<\/div>\n\t\t<\/div>\n\t\t\t\t\t<\/div>\n\t\t<\/section>\n\t\t\t\t<section class=\"elementor-section elementor-top-section elementor-element elementor-element-e00b5d6 elementor-section-boxed elementor-section-height-default elementor-section-height-default\" data-id=\"e00b5d6\" data-element_type=\"section\" data-e-type=\"section\">\n\t\t\t\t\t\t<div class=\"elementor-container elementor-column-gap-default\">\n\t\t\t\t\t<div class=\"elementor-column elementor-col-100 elementor-top-column elementor-element elementor-element-3f540a1\" data-id=\"3f540a1\" data-element_type=\"column\" data-e-type=\"column\">\n\t\t\t<div class=\"elementor-widget-wrap elementor-element-populated\">\n\t\t\t\t\t\t<div class=\"elementor-element elementor-element-46d9723 elementor-widget elementor-widget-video\" data-id=\"46d9723\" data-element_type=\"widget\" data-e-type=\"widget\" data-settings=\"{&quot;video_type&quot;:&quot;hosted&quot;,&quot;controls&quot;:&quot;yes&quot;}\" data-widget_type=\"video.default\">\n\t\t\t\t<div class=\"elementor-widget-container\">\n\t\t\t\t\t\t\t<div class=\"e-hosted-video elementor-wrapper elementor-open-inline\">\n\t\t\t\t\t<video class=\"elementor-video\" src=\"https:\/\/alfa-kuechen.de\/wp-content\/uploads\/2018\/10\/Bb_Alfa_K.mp4\" controls=\"\" preload=\"metadata\" controlsList=\"nodownload\"><\/video>\n\t\t\t\t<\/div>\n\t\t\t\t\t\t<\/div>\n\t\t\t\t<\/div>\n\t\t\t\t\t<\/div>\n\t\t<\/div>\n\t\t\t\t\t<\/div>\n\t\t<\/section>\n\t\t\t\t<\/div>\n\t\t","protected":false},"excerpt":{"rendered":"<p>45 Jahre K\u00fcchenerfahrung alfa-k\u00fcchen &#8211; das sind 45 Jahre K\u00fcchenerfahrung. Man wei\u00df worauf es ankommt, denn eine K\u00fcche ist&#8230; weiter [&hellip;]<\/p>\n","protected":false},"author":1,"featured_media":0,"parent":0,"menu_order":0,"comment_status":"closed","ping_status":"closed","template":"","meta":{"footnotes":""},"class_list":["post-30","page","type-page","status-publish","hentry"],"_links":{"self":[{"href":"https:\/\/alfa-kuechen.de\/index.php?rest_route=\/wp\/v2\/pages\/30","targetHints":{"allow":["GET"]}}],"collection":[{"href":"https:\/\/alfa-kuechen.de\/index.php?rest_route=\/wp\/v2\/pages"}],"about":[{"href":"https:\/\/alfa-kuechen.de\/index.php?rest_route=\/wp\/v2\/types\/page"}],"author":[{"embeddable":true,"href":"https:\/\/alfa-kuechen.de\/index.php?rest_route=\/wp\/v2\/users\/1"}],"replies":[{"embeddable":true,"href":"https:\/\/alfa-kuechen.de\/index.php?rest_route=%2Fwp%2Fv2%2Fcomments&post=30"}],"version-history":[{"count":10,"href":"https:\/\/alfa-kuechen.de\/index.php?rest_route=\/wp\/v2\/pages\/30\/revisions"}],"predecessor-version":[{"id":1718,"href":"https:\/\/alfa-kuechen.de\/index.php?rest_route=\/wp\/v2\/pages\/30\/revisions\/1718"}],"wp:attachment":[{"href":"https:\/\/alfa-kuechen.de\/index.php?rest_route=%2Fwp%2Fv2%2Fmedia&parent=30"}],"curies":[{"name":"wp","href":"https:\/\/api.w.org\/{rel}","templated":true}]}}