{"id":25,"date":"2018-08-13T11:22:43","date_gmt":"2018-08-13T09:22:43","guid":{"rendered":"http:\/\/alfa-kuechen.de\/WP\/?page_id=25"},"modified":"2025-05-25T11:50:20","modified_gmt":"2025-05-25T09:50:20","slug":"home","status":"publish","type":"page","link":"https:\/\/alfa-kuechen.de\/","title":{"rendered":"Home"},"content":{"rendered":"\t\t<div data-elementor-type=\"wp-post\" data-elementor-id=\"25\" class=\"elementor elementor-25\">\n\t\t\t\t\t\t<section class=\"elementor-section elementor-top-section elementor-element elementor-element-276a752 elementor-section-boxed elementor-section-height-default elementor-section-height-default\" data-id=\"276a752\" data-element_type=\"section\" data-e-type=\"section\">\n\t\t\t\t\t\t<div class=\"elementor-container elementor-column-gap-default\">\n\t\t\t\t\t<div class=\"elementor-column elementor-col-100 elementor-top-column elementor-element elementor-element-29b7036\" data-id=\"29b7036\" data-element_type=\"column\" data-e-type=\"column\">\n\t\t\t<div class=\"elementor-widget-wrap elementor-element-populated\">\n\t\t\t\t\t\t<div class=\"elementor-element elementor-element-6b0a20c elementor-widget elementor-widget-text-editor\" data-id=\"6b0a20c\" data-element_type=\"widget\" data-e-type=\"widget\" data-widget_type=\"text-editor.default\">\n\t\t\t\t<div class=\"elementor-widget-container\">\n\t\t\t\t\t\t\t\t\t<h3 style=\"text-align: center;\"><strong><span style=\"color: #c70d15;\">Ihr K\u00fcchenprofi seit \u00fcber 45 Jahren am Niederrhein<\/span><\/strong><\/h3><h2 style=\"text-align: center;\"><strong><span style=\"color: #c70d15;\"><img decoding=\"async\" class=\"alignnone size-full wp-image-788\" src=\"https:\/\/alfa-kuechen.de\/wp-content\/uploads\/2019\/07\/tel-40.png\" alt=\"\" width=\"40\" height=\"40\" \/> <\/span><\/strong><a href=\"tel:020454114231\"><span style=\"color: #c70d15;\">02045 &#8211; 411 4231<\/span><\/a><\/h2><p style=\"text-align: center;\">\u00a0<\/p>\t\t\t\t\t\t\t\t<\/div>\n\t\t\t\t<\/div>\n\t\t\t\t\t<\/div>\n\t\t<\/div>\n\t\t\t\t\t<\/div>\n\t\t<\/section>\n\t\t\t\t<section class=\"elementor-section elementor-top-section elementor-element elementor-element-7dd5ebd elementor-section-boxed elementor-section-height-default elementor-section-height-default\" data-id=\"7dd5ebd\" data-element_type=\"section\" data-e-type=\"section\">\n\t\t\t\t\t\t<div class=\"elementor-container elementor-column-gap-default\">\n\t\t\t\t\t<div class=\"elementor-column elementor-col-100 elementor-top-column elementor-element elementor-element-c66efeb\" data-id=\"c66efeb\" data-element_type=\"column\" data-e-type=\"column\">\n\t\t\t<div class=\"elementor-widget-wrap elementor-element-populated\">\n\t\t\t\t\t\t<div class=\"elementor-element elementor-element-fc9fb4d elementor-widget elementor-widget-text-editor\" data-id=\"fc9fb4d\" data-element_type=\"widget\" data-e-type=\"widget\" data-widget_type=\"text-editor.default\">\n\t\t\t\t<div class=\"elementor-widget-container\">\n\t\t\t\t\t\t\t\t\t<div><h5 style=\"text-align: center;\"><span style=\"color: #808080;\">Wir sind weiterhin in unserem Planungsb\u00fcro an unserem neuen Standort f\u00fcr Sie da:<\/span><\/h5><h5 style=\"text-align: center;\"><span style=\"color: #808080;\">Raiffeisenstra\u00dfe 1-3, 46244 Bottrop<\/span><\/h5><p style=\"text-align: center;\">\u00a0<\/p><\/div>\t\t\t\t\t\t\t\t<\/div>\n\t\t\t\t<\/div>\n\t\t\t\t\t<\/div>\n\t\t<\/div>\n\t\t\t\t\t<\/div>\n\t\t<\/section>\n\t\t\t\t<section class=\"elementor-section elementor-top-section elementor-element elementor-element-370194d elementor-section-boxed elementor-section-height-default elementor-section-height-default\" data-id=\"370194d\" data-element_type=\"section\" data-e-type=\"section\">\n\t\t\t\t\t\t<div class=\"elementor-container elementor-column-gap-default\">\n\t\t\t\t\t<div class=\"elementor-column elementor-col-100 elementor-top-column elementor-element elementor-element-9149121\" data-id=\"9149121\" data-element_type=\"column\" data-e-type=\"column\">\n\t\t\t<div class=\"elementor-widget-wrap elementor-element-populated\">\n\t\t\t\t\t\t<div class=\"elementor-element elementor-element-955a6f1 elementor-widget__width-initial elementor-widget elementor-widget-text-editor\" data-id=\"955a6f1\" data-element_type=\"widget\" data-e-type=\"widget\" data-widget_type=\"text-editor.default\">\n\t\t\t\t<div class=\"elementor-widget-container\">\n\t\t\t\t\t\t\t\t\t<h5 style=\"text-align: center;\">\u00d6ffnungszeiten Planungsb\u00fcro: MO &#8211; SA 10:00 bis 14:00 Uhr<\/h5>\t\t\t\t\t\t\t\t<\/div>\n\t\t\t\t<\/div>\n\t\t\t\t\t<\/div>\n\t\t<\/div>\n\t\t\t\t\t<\/div>\n\t\t<\/section>\n\t\t\t\t<section class=\"elementor-section elementor-top-section elementor-element elementor-element-b224111 elementor-section-boxed elementor-section-height-default elementor-section-height-default\" data-id=\"b224111\" data-element_type=\"section\" data-e-type=\"section\">\n\t\t\t\t\t\t<div class=\"elementor-container elementor-column-gap-default\">\n\t\t\t\t\t<div class=\"elementor-column elementor-col-100 elementor-top-column elementor-element elementor-element-5d29856\" data-id=\"5d29856\" data-element_type=\"column\" data-e-type=\"column\">\n\t\t\t<div class=\"elementor-widget-wrap elementor-element-populated\">\n\t\t\t\t\t\t<section class=\"elementor-section elementor-inner-section elementor-element elementor-element-9cd2d1c elementor-section-boxed elementor-section-height-default elementor-section-height-default\" data-id=\"9cd2d1c\" data-element_type=\"section\" data-e-type=\"section\">\n\t\t\t\t\t\t<div class=\"elementor-container elementor-column-gap-default\">\n\t\t\t\t\t<div class=\"elementor-column elementor-col-50 elementor-inner-column elementor-element elementor-element-ddf3efb\" data-id=\"ddf3efb\" data-element_type=\"column\" data-e-type=\"column\">\n\t\t\t<div class=\"elementor-widget-wrap elementor-element-populated\">\n\t\t\t\t\t\t<div class=\"elementor-element elementor-element-49d1ee8 elementor-position-top elementor-widget elementor-widget-image-box\" data-id=\"49d1ee8\" data-element_type=\"widget\" data-e-type=\"widget\" data-widget_type=\"image-box.default\">\n\t\t\t\t<div class=\"elementor-widget-container\">\n\t\t\t\t\t<div class=\"elementor-image-box-wrapper\"><figure class=\"elementor-image-box-img\"><a href=\"https:\/\/alfa-kuechen.de\/?page_id=30\" tabindex=\"-1\"><img fetchpriority=\"high\" decoding=\"async\" width=\"639\" height=\"360\" src=\"https:\/\/alfa-kuechen.de\/wp-content\/uploads\/2018\/10\/Gescha\u0308ft-au\u00dfen.png\" class=\"elementor-animation-grow attachment-full size-full wp-image-237\" alt=\"\" srcset=\"https:\/\/alfa-kuechen.de\/wp-content\/uploads\/2018\/10\/Gescha\u0308ft-au\u00dfen.png 639w, https:\/\/alfa-kuechen.de\/wp-content\/uploads\/2018\/10\/Gescha\u0308ft-au\u00dfen-300x169.png 300w\" sizes=\"(max-width: 639px) 100vw, 639px\" \/><\/a><\/figure><div class=\"elementor-image-box-content\"><h4 class=\"elementor-image-box-title\"><a href=\"https:\/\/alfa-kuechen.de\/?page_id=30\">\u00dcber 45 Jahre K\u00fcchenerfahrung<\/a><\/h4><p class=\"elementor-image-box-description\">alfa-k\u00fcchen - das sind 45 Jahre K\u00fcchenerfahrung. Man wei\u00df worauf es ankommt, denn eine K\u00fcche ist ...<\/p><\/div><\/div>\t\t\t\t<\/div>\n\t\t\t\t<\/div>\n\t\t\t\t\t<\/div>\n\t\t<\/div>\n\t\t\t\t<div class=\"elementor-column elementor-col-50 elementor-inner-column elementor-element elementor-element-1d71f45\" data-id=\"1d71f45\" data-element_type=\"column\" data-e-type=\"column\">\n\t\t\t<div class=\"elementor-widget-wrap elementor-element-populated\">\n\t\t\t\t\t\t<div class=\"elementor-element elementor-element-9ce5ca7 elementor-position-top elementor-widget elementor-widget-image-box\" data-id=\"9ce5ca7\" data-element_type=\"widget\" data-e-type=\"widget\" data-widget_type=\"image-box.default\">\n\t\t\t\t<div class=\"elementor-widget-container\">\n\t\t\t\t\t<div class=\"elementor-image-box-wrapper\"><figure class=\"elementor-image-box-img\"><a href=\"https:\/\/alfa-kuechen.de\/?page_id=56\" tabindex=\"-1\"><img decoding=\"async\" width=\"800\" height=\"531\" src=\"https:\/\/alfa-kuechen.de\/wp-content\/uploads\/2018\/08\/montage.jpg\" class=\"elementor-animation-grow attachment-full size-full wp-image-100\" alt=\"\" srcset=\"https:\/\/alfa-kuechen.de\/wp-content\/uploads\/2018\/08\/montage.jpg 800w, https:\/\/alfa-kuechen.de\/wp-content\/uploads\/2018\/08\/montage-300x199.jpg 300w, https:\/\/alfa-kuechen.de\/wp-content\/uploads\/2018\/08\/montage-768x510.jpg 768w\" sizes=\"(max-width: 800px) 100vw, 800px\" \/><\/a><\/figure><div class=\"elementor-image-box-content\"><h4 class=\"elementor-image-box-title\"><a href=\"https:\/\/alfa-kuechen.de\/?page_id=56\">Problemloser K\u00fcchenaufbau<\/a><\/h4><p class=\"elementor-image-box-description\">Das i-T\u00fcpfelchen und der wichtigste Teil beim K\u00fcchenkauf ist die Montage.<\/p><\/div><\/div>\t\t\t\t<\/div>\n\t\t\t\t<\/div>\n\t\t\t\t\t<\/div>\n\t\t<\/div>\n\t\t\t\t\t<\/div>\n\t\t<\/section>\n\t\t\t\t<section class=\"elementor-section elementor-inner-section elementor-element elementor-element-b34d4ab elementor-section-boxed elementor-section-height-default elementor-section-height-default\" data-id=\"b34d4ab\" data-element_type=\"section\" data-e-type=\"section\">\n\t\t\t\t\t\t<div class=\"elementor-container elementor-column-gap-default\">\n\t\t\t\t\t<div class=\"elementor-column elementor-col-50 elementor-inner-column elementor-element elementor-element-6a35bb7\" data-id=\"6a35bb7\" data-element_type=\"column\" data-e-type=\"column\">\n\t\t\t<div class=\"elementor-widget-wrap elementor-element-populated\">\n\t\t\t\t\t\t<div class=\"elementor-element elementor-element-148ee2b elementor-position-top elementor-widget elementor-widget-image-box\" data-id=\"148ee2b\" data-element_type=\"widget\" data-e-type=\"widget\" data-widget_type=\"image-box.default\">\n\t\t\t\t<div class=\"elementor-widget-container\">\n\t\t\t\t\t<div class=\"elementor-image-box-wrapper\"><figure class=\"elementor-image-box-img\"><a href=\"https:\/\/alfa-kuechen.de\/?page_id=1711\" tabindex=\"-1\"><img loading=\"lazy\" decoding=\"async\" width=\"1128\" height=\"750\" src=\"https:\/\/alfa-kuechen.de\/wp-content\/uploads\/2025\/05\/Zywietz-nachher-5.jpg\" class=\"elementor-animation-grow attachment-full size-full wp-image-1730\" alt=\"\" srcset=\"https:\/\/alfa-kuechen.de\/wp-content\/uploads\/2025\/05\/Zywietz-nachher-5.jpg 1128w, https:\/\/alfa-kuechen.de\/wp-content\/uploads\/2025\/05\/Zywietz-nachher-5-300x199.jpg 300w, https:\/\/alfa-kuechen.de\/wp-content\/uploads\/2025\/05\/Zywietz-nachher-5-1024x681.jpg 1024w, https:\/\/alfa-kuechen.de\/wp-content\/uploads\/2025\/05\/Zywietz-nachher-5-768x511.jpg 768w\" sizes=\"(max-width: 1128px) 100vw, 1128px\" \/><\/a><\/figure><div class=\"elementor-image-box-content\"><h4 class=\"elementor-image-box-title\"><a href=\"https:\/\/alfa-kuechen.de\/?page_id=1711\">Wir sind Probleml\u00f6ser<\/a><\/h4><p class=\"elementor-image-box-description\">Egal ob Dachschr\u00e4gen. st\u00f6rende Heizungen, ein Fenster zu tief oder ein integrierter Essplatz... wir haben die L\u00f6sung f\u00fcr Sie!<\/p><\/div><\/div>\t\t\t\t<\/div>\n\t\t\t\t<\/div>\n\t\t\t\t\t<\/div>\n\t\t<\/div>\n\t\t\t\t<div class=\"elementor-column elementor-col-50 elementor-inner-column elementor-element elementor-element-9aa9cce\" data-id=\"9aa9cce\" data-element_type=\"column\" data-e-type=\"column\">\n\t\t\t<div class=\"elementor-widget-wrap elementor-element-populated\">\n\t\t\t\t\t\t<div class=\"elementor-element elementor-element-2709eee elementor-position-top elementor-widget elementor-widget-image-box\" data-id=\"2709eee\" data-element_type=\"widget\" data-e-type=\"widget\" data-widget_type=\"image-box.default\">\n\t\t\t\t<div class=\"elementor-widget-container\">\n\t\t\t\t\t<div class=\"elementor-image-box-wrapper\"><figure class=\"elementor-image-box-img\"><a href=\"https:\/\/alfa-kuechen.de\/?page_id=62\" tabindex=\"-1\"><img loading=\"lazy\" decoding=\"async\" width=\"2560\" height=\"1702\" src=\"https:\/\/alfa-kuechen.de\/wp-content\/uploads\/2023\/06\/Bock-7-scaled.jpg\" class=\"elementor-animation-grow attachment-full size-full wp-image-1227\" alt=\"\" srcset=\"https:\/\/alfa-kuechen.de\/wp-content\/uploads\/2023\/06\/Bock-7-scaled.jpg 2560w, https:\/\/alfa-kuechen.de\/wp-content\/uploads\/2023\/06\/Bock-7-300x199.jpg 300w, https:\/\/alfa-kuechen.de\/wp-content\/uploads\/2023\/06\/Bock-7-1024x681.jpg 1024w, https:\/\/alfa-kuechen.de\/wp-content\/uploads\/2023\/06\/Bock-7-768x511.jpg 768w, https:\/\/alfa-kuechen.de\/wp-content\/uploads\/2023\/06\/Bock-7-1536x1021.jpg 1536w, https:\/\/alfa-kuechen.de\/wp-content\/uploads\/2023\/06\/Bock-7-2048x1362.jpg 2048w\" sizes=\"(max-width: 2560px) 100vw, 2560px\" \/><\/a><\/figure><div class=\"elementor-image-box-content\"><h4 class=\"elementor-image-box-title\"><a href=\"https:\/\/alfa-kuechen.de\/?page_id=62\">Unsere zufriedenen Kunden...<\/a><\/h4><p class=\"elementor-image-box-description\">...zeigen gerne das Vorher-Nachher-Ergebnis. <br>Lassen Sie sich inspirieren!<\/p><\/div><\/div>\t\t\t\t<\/div>\n\t\t\t\t<\/div>\n\t\t\t\t\t<\/div>\n\t\t<\/div>\n\t\t\t\t\t<\/div>\n\t\t<\/section>\n\t\t\t\t\t<\/div>\n\t\t<\/div>\n\t\t\t\t\t<\/div>\n\t\t<\/section>\n\t\t\t\t<\/div>\n\t\t","protected":false},"excerpt":{"rendered":"<p>Ihr K\u00fcchenprofi seit \u00fcber 45 Jahren am Niederrhein 02045 &#8211; 411 4231 \u00a0 Wir sind weiterhin in unserem Planungsb\u00fcro an [&hellip;]<\/p>\n","protected":false},"author":1,"featured_media":0,"parent":0,"menu_order":0,"comment_status":"closed","ping_status":"closed","template":"","meta":{"footnotes":""},"class_list":["post-25","page","type-page","status-publish","hentry"],"_links":{"self":[{"href":"https:\/\/alfa-kuechen.de\/index.php?rest_route=\/wp\/v2\/pages\/25","targetHints":{"allow":["GET"]}}],"collection":[{"href":"https:\/\/alfa-kuechen.de\/index.php?rest_route=\/wp\/v2\/pages"}],"about":[{"href":"https:\/\/alfa-kuechen.de\/index.php?rest_route=\/wp\/v2\/types\/page"}],"author":[{"embeddable":true,"href":"https:\/\/alfa-kuechen.de\/index.php?rest_route=\/wp\/v2\/users\/1"}],"replies":[{"embeddable":true,"href":"https:\/\/alfa-kuechen.de\/index.php?rest_route=%2Fwp%2Fv2%2Fcomments&post=25"}],"version-history":[{"count":286,"href":"https:\/\/alfa-kuechen.de\/index.php?rest_route=\/wp\/v2\/pages\/25\/revisions"}],"predecessor-version":[{"id":1821,"href":"https:\/\/alfa-kuechen.de\/index.php?rest_route=\/wp\/v2\/pages\/25\/revisions\/1821"}],"wp:attachment":[{"href":"https:\/\/alfa-kuechen.de\/index.php?rest_route=%2Fwp%2Fv2%2Fmedia&parent=25"}],"curies":[{"name":"wp","href":"https:\/\/api.w.org\/{rel}","templated":true}]}}